{"id":243,"date":"2020-10-18T20:17:27","date_gmt":"2020-10-18T18:17:27","guid":{"rendered":"https:\/\/rackeve.reformatus.hu\/?page_id=243"},"modified":"2020-10-18T20:41:25","modified_gmt":"2020-10-18T18:41:25","slug":"tamogatoink","status":"publish","type":"page","link":"https:\/\/rackeve.reformatus.hu\/?page_id=243","title":{"rendered":"T\u00e1mogat\u00f3ink"},"content":{"rendered":"\n<p class=\"has-medium-font-size\">A gy\u00fclekezet \u00e9s h\u00edv\u0151 testv\u00e9reink r\u00e9sz\u00e9r\u0151l befolyt s\u00e1f\u00e1rs\u00e1g \u00e9s anyagi t\u00e1mogat\u00e1s mellett k\u00fcls\u0151 t\u00e1mogat\u00f3ink is seg\u00edtik a gy\u00fclekezeti \u00e9let\u00fcnk, k\u00fcldet\u00e9s\u00fcnk \u00e9s kult\u00far\u00e1nk szervez\u00e9s\u00e9t, illetve kibontakoz\u00e1s\u00e1t, amiket a k\u00f6vetkez\u0151kben sorolunk fel.<\/p>\n\n\n\n<p class=\"has-medium-font-size\">1.\/ <strong>A Reform\u00e1ci\u00f3 hat\u00e1rok n\u00e9lk\u00fcl &#8211; 2017<\/strong> (REB-17-PROG-0404) p\u00e1ly\u00e1zat keret\u00e9ben 500.000 Ft vissza nem t\u00e9r\u00edtend\u0151 t\u00e1mogat\u00e1st nyert\u00fcnk az Emberi Er\u0151forr\u00e1sok Miniszt\u00e9rium\u00e1t\u00f3l az Emberi Er\u0151forr\u00e1s T\u00e1mogat\u00e1skezel\u0151 k\u00f6zrem\u0171k\u00f6d\u00e9s\u00e9vel. Az \u00edgy nyert t\u00e1mogat\u00e1st felhaszn\u00e1lva l\u00e1ttuk vend\u00e9g\u00fcl a m\u00f6hlini (Sv\u00e1jc) testv\u00e9rgy\u00fclekezet\u00fcnk\u00a0k\u00fcld\u00f6tts\u00e9g\u00e9t, \u00e9s egy\u00fctt \u00fcnnepelt\u00fck a reform\u00e1ci\u00f3 500. \u00e9vfordul\u00f3j\u00e1t. A 4 napos program sor\u00e1n k\u00e9sz\u00fcltek az al\u00e1bbi k\u00e9pek:<\/p>\n\n\n\n<p><\/p>\n\n\n\n<figure class=\"wp-block-image size-large\"><img loading=\"lazy\" decoding=\"async\" width=\"261\" height=\"147\" src=\"https:\/\/rackeve.reformatus.hu\/wp-content\/uploads\/2020\/10\/120349457_751751965680057_6463142586674235533_n.jpg\" alt=\"\" class=\"wp-image-250\"\/><\/figure>\n\n\n\n<figure class=\"wp-block-image size-large\"><img loading=\"lazy\" decoding=\"async\" width=\"261\" height=\"147\" src=\"https:\/\/rackeve.reformatus.hu\/wp-content\/uploads\/2020\/10\/120355331_3103853133058642_4578517145452236106_n.jpg\" alt=\"\" class=\"wp-image-251\"\/><\/figure>\n\n\n\n<figure class=\"wp-block-image size-large\"><img loading=\"lazy\" decoding=\"async\" width=\"1024\" height=\"576\" src=\"https:\/\/rackeve.reformatus.hu\/wp-content\/uploads\/2020\/10\/120346398_804081180357009_5110241265189271921_n-1024x576.jpg\" alt=\"\" class=\"wp-image-252\" srcset=\"https:\/\/rackeve.reformatus.hu\/wp-content\/uploads\/2020\/10\/120346398_804081180357009_5110241265189271921_n-1024x576.jpg 1024w, https:\/\/rackeve.reformatus.hu\/wp-content\/uploads\/2020\/10\/120346398_804081180357009_5110241265189271921_n-300x169.jpg 300w, https:\/\/rackeve.reformatus.hu\/wp-content\/uploads\/2020\/10\/120346398_804081180357009_5110241265189271921_n-768x432.jpg 768w, https:\/\/rackeve.reformatus.hu\/wp-content\/uploads\/2020\/10\/120346398_804081180357009_5110241265189271921_n-1536x864.jpg 1536w, https:\/\/rackeve.reformatus.hu\/wp-content\/uploads\/2020\/10\/120346398_804081180357009_5110241265189271921_n.jpg 1920w\" sizes=\"auto, (max-width: 767px) 89vw, (max-width: 1000px) 54vw, (max-width: 1071px) 543px, 580px\" \/><\/figure>\n\n\n\n<figure class=\"wp-block-image size-large\"><img loading=\"lazy\" decoding=\"async\" width=\"261\" height=\"147\" src=\"https:\/\/rackeve.reformatus.hu\/wp-content\/uploads\/2020\/10\/120369895_1211399122556420_4299354917641631700_n-1.jpg\" alt=\"\" class=\"wp-image-253\"\/><\/figure>\n\n\n\n<figure class=\"wp-block-image size-large\"><img loading=\"lazy\" decoding=\"async\" width=\"261\" height=\"147\" src=\"https:\/\/rackeve.reformatus.hu\/wp-content\/uploads\/2020\/10\/120368321_2967281760165642_2012511353084135944_n.jpg\" alt=\"\" class=\"wp-image-254\"\/><\/figure>\n\n\n\n<figure class=\"wp-block-image size-large\"><img loading=\"lazy\" decoding=\"async\" width=\"261\" height=\"147\" src=\"https:\/\/rackeve.reformatus.hu\/wp-content\/uploads\/2020\/10\/120350750_415484862769195_6033451305688799508_n.jpg\" alt=\"\" class=\"wp-image-255\"\/><\/figure>\n\n\n\n<figure class=\"wp-block-image size-large\"><img loading=\"lazy\" decoding=\"async\" width=\"1024\" height=\"576\" src=\"https:\/\/rackeve.reformatus.hu\/wp-content\/uploads\/2020\/10\/120364802_676230369979761_4788700174848107638_n-1024x576.jpg\" alt=\"\" class=\"wp-image-256\" srcset=\"https:\/\/rackeve.reformatus.hu\/wp-content\/uploads\/2020\/10\/120364802_676230369979761_4788700174848107638_n-1024x576.jpg 1024w, https:\/\/rackeve.reformatus.hu\/wp-content\/uploads\/2020\/10\/120364802_676230369979761_4788700174848107638_n-300x169.jpg 300w, https:\/\/rackeve.reformatus.hu\/wp-content\/uploads\/2020\/10\/120364802_676230369979761_4788700174848107638_n-768x432.jpg 768w, https:\/\/rackeve.reformatus.hu\/wp-content\/uploads\/2020\/10\/120364802_676230369979761_4788700174848107638_n-1536x864.jpg 1536w, https:\/\/rackeve.reformatus.hu\/wp-content\/uploads\/2020\/10\/120364802_676230369979761_4788700174848107638_n.jpg 1920w\" sizes=\"auto, (max-width: 767px) 89vw, (max-width: 1000px) 54vw, (max-width: 1071px) 543px, 580px\" \/><\/figure>\n\n\n\n<figure class=\"wp-block-image size-large\"><img loading=\"lazy\" decoding=\"async\" width=\"261\" height=\"147\" src=\"https:\/\/rackeve.reformatus.hu\/wp-content\/uploads\/2020\/10\/120342552_343769606870234_7098567411416437954_n.jpg\" alt=\"\" class=\"wp-image-257\"\/><\/figure>\n\n\n\n<figure class=\"wp-block-image size-large is-resized\"><img loading=\"lazy\" decoding=\"async\" src=\"https:\/\/rackeve.reformatus.hu\/wp-content\/uploads\/2020\/10\/emmi-logo.png\" alt=\"\" class=\"wp-image-258\" width=\"261\" height=\"52\" srcset=\"https:\/\/rackeve.reformatus.hu\/wp-content\/uploads\/2020\/10\/emmi-logo.png 512w, https:\/\/rackeve.reformatus.hu\/wp-content\/uploads\/2020\/10\/emmi-logo-300x60.png 300w\" sizes=\"auto, (max-width: 261px) 100vw, 261px\" \/><\/figure>\n\n\n\n<figure class=\"wp-block-image size-large is-resized\"><img loading=\"lazy\" decoding=\"async\" src=\"https:\/\/rackeve.reformatus.hu\/wp-content\/uploads\/2020\/10\/emmilogo2.jpg\" alt=\"\" class=\"wp-image-266\" width=\"210\" height=\"144\" srcset=\"https:\/\/rackeve.reformatus.hu\/wp-content\/uploads\/2020\/10\/emmilogo2.jpg 512w, https:\/\/rackeve.reformatus.hu\/wp-content\/uploads\/2020\/10\/emmilogo2-300x205.jpg 300w\" sizes=\"auto, (max-width: 210px) 100vw, 210px\" \/><\/figure>\n\n\n\n<p class=\"has-medium-font-size\">2.\/&nbsp;<strong>Katona Katalin: A pr\u00e9dik\u00e1tor<\/strong> c\u00edm\u0171, a reform\u00e1ci\u00f3nak eml\u00e9ket \u00e1ll\u00edt\u00f3 eml\u00e9km\u0171v\u00e9hez 2.000.000 Ft t\u00e1mogat\u00e1st ny\u00fajtott az Emberi Er\u0151forr\u00e1sok Miniszt\u00e9riuma az Emberi Er\u0151forr\u00e1sok T\u00e1mogat\u00e1skezel\u0151 k\u00f6zrem\u0171k\u00f6d\u00e9s\u00e9vel.<\/p>\n\n\n\n<figure class=\"wp-block-image size-large\"><img loading=\"lazy\" decoding=\"async\" width=\"1024\" height=\"576\" src=\"https:\/\/rackeve.reformatus.hu\/wp-content\/uploads\/2020\/10\/received_694241224560548-1024x576.jpeg\" alt=\"\" class=\"wp-image-259\" srcset=\"https:\/\/rackeve.reformatus.hu\/wp-content\/uploads\/2020\/10\/received_694241224560548-1024x576.jpeg 1024w, https:\/\/rackeve.reformatus.hu\/wp-content\/uploads\/2020\/10\/received_694241224560548-300x169.jpeg 300w, https:\/\/rackeve.reformatus.hu\/wp-content\/uploads\/2020\/10\/received_694241224560548-768x432.jpeg 768w, https:\/\/rackeve.reformatus.hu\/wp-content\/uploads\/2020\/10\/received_694241224560548-1536x864.jpeg 1536w, https:\/\/rackeve.reformatus.hu\/wp-content\/uploads\/2020\/10\/received_694241224560548.jpeg 1920w\" sizes=\"auto, (max-width: 767px) 89vw, (max-width: 1000px) 54vw, (max-width: 1071px) 543px, 580px\" \/><\/figure>\n\n\n\n<figure class=\"wp-block-image size-large\"><img loading=\"lazy\" decoding=\"async\" width=\"1024\" height=\"576\" src=\"https:\/\/rackeve.reformatus.hu\/wp-content\/uploads\/2020\/10\/received_3360223630902923-1024x576.jpeg\" alt=\"\" class=\"wp-image-260\" srcset=\"https:\/\/rackeve.reformatus.hu\/wp-content\/uploads\/2020\/10\/received_3360223630902923-1024x576.jpeg 1024w, https:\/\/rackeve.reformatus.hu\/wp-content\/uploads\/2020\/10\/received_3360223630902923-300x169.jpeg 300w, https:\/\/rackeve.reformatus.hu\/wp-content\/uploads\/2020\/10\/received_3360223630902923-768x432.jpeg 768w, https:\/\/rackeve.reformatus.hu\/wp-content\/uploads\/2020\/10\/received_3360223630902923-1536x864.jpeg 1536w, https:\/\/rackeve.reformatus.hu\/wp-content\/uploads\/2020\/10\/received_3360223630902923.jpeg 1920w\" sizes=\"auto, (max-width: 767px) 89vw, (max-width: 1000px) 54vw, (max-width: 1071px) 543px, 580px\" \/><\/figure>\n\n\n\n<figure class=\"wp-block-image size-large\"><img loading=\"lazy\" decoding=\"async\" width=\"1024\" height=\"576\" src=\"https:\/\/rackeve.reformatus.hu\/wp-content\/uploads\/2020\/10\/received_653685312210345-1024x576.jpeg\" alt=\"\" class=\"wp-image-261\" srcset=\"https:\/\/rackeve.reformatus.hu\/wp-content\/uploads\/2020\/10\/received_653685312210345-1024x576.jpeg 1024w, https:\/\/rackeve.reformatus.hu\/wp-content\/uploads\/2020\/10\/received_653685312210345-300x169.jpeg 300w, https:\/\/rackeve.reformatus.hu\/wp-content\/uploads\/2020\/10\/received_653685312210345-768x432.jpeg 768w, https:\/\/rackeve.reformatus.hu\/wp-content\/uploads\/2020\/10\/received_653685312210345-1536x864.jpeg 1536w, https:\/\/rackeve.reformatus.hu\/wp-content\/uploads\/2020\/10\/received_653685312210345.jpeg 1920w\" sizes=\"auto, (max-width: 767px) 89vw, (max-width: 1000px) 54vw, (max-width: 1071px) 543px, 580px\" \/><\/figure>\n\n\n\n<figure class=\"wp-block-image size-large\"><img loading=\"lazy\" decoding=\"async\" width=\"1024\" height=\"576\" src=\"https:\/\/rackeve.reformatus.hu\/wp-content\/uploads\/2020\/10\/received_668879484024425-1024x576.jpeg\" alt=\"\" class=\"wp-image-262\" srcset=\"https:\/\/rackeve.reformatus.hu\/wp-content\/uploads\/2020\/10\/received_668879484024425-1024x576.jpeg 1024w, https:\/\/rackeve.reformatus.hu\/wp-content\/uploads\/2020\/10\/received_668879484024425-300x169.jpeg 300w, https:\/\/rackeve.reformatus.hu\/wp-content\/uploads\/2020\/10\/received_668879484024425-768x432.jpeg 768w, https:\/\/rackeve.reformatus.hu\/wp-content\/uploads\/2020\/10\/received_668879484024425-1536x864.jpeg 1536w, https:\/\/rackeve.reformatus.hu\/wp-content\/uploads\/2020\/10\/received_668879484024425.jpeg 1920w\" sizes=\"auto, (max-width: 767px) 89vw, (max-width: 1000px) 54vw, (max-width: 1071px) 543px, 580px\" \/><\/figure>\n\n\n\n<figure class=\"wp-block-image size-large\"><img loading=\"lazy\" decoding=\"async\" width=\"1024\" height=\"576\" src=\"https:\/\/rackeve.reformatus.hu\/wp-content\/uploads\/2020\/10\/received_390093715333872-1024x576.jpeg\" alt=\"\" class=\"wp-image-265\" srcset=\"https:\/\/rackeve.reformatus.hu\/wp-content\/uploads\/2020\/10\/received_390093715333872-1024x576.jpeg 1024w, https:\/\/rackeve.reformatus.hu\/wp-content\/uploads\/2020\/10\/received_390093715333872-300x169.jpeg 300w, https:\/\/rackeve.reformatus.hu\/wp-content\/uploads\/2020\/10\/received_390093715333872-768x432.jpeg 768w, https:\/\/rackeve.reformatus.hu\/wp-content\/uploads\/2020\/10\/received_390093715333872-1536x864.jpeg 1536w, https:\/\/rackeve.reformatus.hu\/wp-content\/uploads\/2020\/10\/received_390093715333872.jpeg 1920w\" sizes=\"auto, (max-width: 767px) 89vw, (max-width: 1000px) 54vw, (max-width: 1071px) 543px, 580px\" \/><\/figure>\n\n\n\n<figure class=\"wp-block-image size-large\"><img loading=\"lazy\" decoding=\"async\" width=\"1024\" height=\"576\" src=\"https:\/\/rackeve.reformatus.hu\/wp-content\/uploads\/2020\/10\/received_407679147239506-1024x576.jpeg\" alt=\"\" class=\"wp-image-264\" srcset=\"https:\/\/rackeve.reformatus.hu\/wp-content\/uploads\/2020\/10\/received_407679147239506-1024x576.jpeg 1024w, https:\/\/rackeve.reformatus.hu\/wp-content\/uploads\/2020\/10\/received_407679147239506-300x169.jpeg 300w, https:\/\/rackeve.reformatus.hu\/wp-content\/uploads\/2020\/10\/received_407679147239506-768x432.jpeg 768w, https:\/\/rackeve.reformatus.hu\/wp-content\/uploads\/2020\/10\/received_407679147239506-1536x864.jpeg 1536w, https:\/\/rackeve.reformatus.hu\/wp-content\/uploads\/2020\/10\/received_407679147239506.jpeg 1920w\" sizes=\"auto, (max-width: 767px) 89vw, (max-width: 1000px) 54vw, (max-width: 1071px) 543px, 580px\" \/><\/figure>\n\n\n\n<figure class=\"wp-block-image size-large\"><img loading=\"lazy\" decoding=\"async\" width=\"1024\" height=\"576\" src=\"https:\/\/rackeve.reformatus.hu\/wp-content\/uploads\/2020\/10\/received_679719552650900-1024x576.jpeg\" alt=\"\" class=\"wp-image-263\" srcset=\"https:\/\/rackeve.reformatus.hu\/wp-content\/uploads\/2020\/10\/received_679719552650900-1024x576.jpeg 1024w, https:\/\/rackeve.reformatus.hu\/wp-content\/uploads\/2020\/10\/received_679719552650900-300x169.jpeg 300w, https:\/\/rackeve.reformatus.hu\/wp-content\/uploads\/2020\/10\/received_679719552650900-768x432.jpeg 768w, https:\/\/rackeve.reformatus.hu\/wp-content\/uploads\/2020\/10\/received_679719552650900-1536x864.jpeg 1536w, https:\/\/rackeve.reformatus.hu\/wp-content\/uploads\/2020\/10\/received_679719552650900.jpeg 1920w\" sizes=\"auto, (max-width: 767px) 89vw, (max-width: 1000px) 54vw, (max-width: 1071px) 543px, 580px\" \/><\/figure>\n\n\n\n<figure class=\"wp-block-image size-large is-resized\"><img loading=\"lazy\" decoding=\"async\" src=\"https:\/\/rackeve.reformatus.hu\/wp-content\/uploads\/2020\/10\/emmi-logo.png\" alt=\"\" class=\"wp-image-258\" width=\"254\" height=\"51\" srcset=\"https:\/\/rackeve.reformatus.hu\/wp-content\/uploads\/2020\/10\/emmi-logo.png 512w, https:\/\/rackeve.reformatus.hu\/wp-content\/uploads\/2020\/10\/emmi-logo-300x60.png 300w\" sizes=\"auto, (max-width: 254px) 100vw, 254px\" \/><\/figure>\n\n\n\n<figure class=\"wp-block-image size-large is-resized\"><img loading=\"lazy\" decoding=\"async\" src=\"https:\/\/rackeve.reformatus.hu\/wp-content\/uploads\/2020\/10\/emmilogo2.jpg\" alt=\"\" class=\"wp-image-266\" width=\"194\" height=\"132\" srcset=\"https:\/\/rackeve.reformatus.hu\/wp-content\/uploads\/2020\/10\/emmilogo2.jpg 512w, https:\/\/rackeve.reformatus.hu\/wp-content\/uploads\/2020\/10\/emmilogo2-300x205.jpg 300w\" sizes=\"auto, (max-width: 194px) 100vw, 194px\" \/><\/figure>\n","protected":false},"excerpt":{"rendered":"<p>A gy\u00fclekezet \u00e9s h\u00edv\u0151 testv\u00e9reink r\u00e9sz\u00e9r\u0151l befolyt s\u00e1f\u00e1rs\u00e1g \u00e9s anyagi t\u00e1mogat\u00e1s mellett k\u00fcls\u0151 t\u00e1mogat\u00f3ink is seg\u00edtik a gy\u00fclekezeti \u00e9let\u00fcnk, k\u00fcldet\u00e9s\u00fcnk \u00e9s kult\u00far\u00e1nk szervez\u00e9s\u00e9t, illetve kibontakoz\u00e1s\u00e1t, amiket a k\u00f6vetkez\u0151kben sorolunk fel. 1.\/ A Reform\u00e1ci\u00f3 hat\u00e1rok n\u00e9lk\u00fcl &#8211; 2017 (REB-17-PROG-0404) p\u00e1ly\u00e1zat keret\u00e9ben 500.000 Ft vissza nem t\u00e9r\u00edtend\u0151 t\u00e1mogat\u00e1st nyert\u00fcnk az Emberi Er\u0151forr\u00e1sok Miniszt\u00e9rium\u00e1t\u00f3l az Emberi Er\u0151forr\u00e1s T\u00e1mogat\u00e1skezel\u0151 &hellip; <\/p>\n<p class=\"link-more\"><a href=\"https:\/\/rackeve.reformatus.hu\/?page_id=243\" class=\"more-link\"><span class=\"screen-reader-text\">&#8222;T\u00e1mogat\u00f3ink&#8221;<\/span> b\u0151vebben<\/a><\/p>\n","protected":false},"author":1,"featured_media":0,"parent":0,"menu_order":0,"comment_status":"closed","ping_status":"closed","template":"","meta":{"footnotes":""},"class_list":["post-243","page","type-page","status-publish","hentry"],"_links":{"self":[{"href":"https:\/\/rackeve.reformatus.hu\/index.php?rest_route=\/wp\/v2\/pages\/243","targetHints":{"allow":["GET"]}}],"collection":[{"href":"https:\/\/rackeve.reformatus.hu\/index.php?rest_route=\/wp\/v2\/pages"}],"about":[{"href":"https:\/\/rackeve.reformatus.hu\/index.php?rest_route=\/wp\/v2\/types\/page"}],"author":[{"embeddable":true,"href":"https:\/\/rackeve.reformatus.hu\/index.php?rest_route=\/wp\/v2\/users\/1"}],"replies":[{"embeddable":true,"href":"https:\/\/rackeve.reformatus.hu\/index.php?rest_route=%2Fwp%2Fv2%2Fcomments&post=243"}],"version-history":[{"count":3,"href":"https:\/\/rackeve.reformatus.hu\/index.php?rest_route=\/wp\/v2\/pages\/243\/revisions"}],"predecessor-version":[{"id":268,"href":"https:\/\/rackeve.reformatus.hu\/index.php?rest_route=\/wp\/v2\/pages\/243\/revisions\/268"}],"wp:attachment":[{"href":"https:\/\/rackeve.reformatus.hu\/index.php?rest_route=%2Fwp%2Fv2%2Fmedia&parent=243"}],"curies":[{"name":"wp","href":"https:\/\/api.w.org\/{rel}","templated":true}]}}